What is (1 + -5 - -2) + -3 + 7?
2
What is the value of 19 - (1 + 11) - 1?
6
What is 0 + 3 + -3 - (1 - 1)?
0
(-2 - -5) + (18 - 21)
0
-5 - (3 - 3) - -4
-1
Calculate -12 + 6 + (7 - 2) + -1.
-2
Calculate (7 + -10 - -10) + -5.
2
Evaluate (-8 - -2) + 1 + 2 + 7.
4
-2 - -5 - (-40 - -41)
2
What is the value of 3 + 18 + -13 + -3?
5
What is the value of -94 + 83 + 15 + 1?
5
Evaluate -13 - ((-12 - -10) + 0).
-11
What is 2 + (1 - (-2 + 1)) + -1?
3
What is 3 + 1 - (2 - 1 - 2)?
5
-5 - (-12 + 5 - (-3 - 3))
-4
Evaluate -1 + -7 + 2 + 2.
-4
What is the value of 4 - (0 + 1 - 3 - -2)?
4
What is the value of (-10 - (-6 + 0)) + 2 - 3?
-5
What is -4 + 5 + (1 - 12)?
-10
(-20 - -22) + -1 + 1 - 3
-1
(2 - 0) + 4 - (13 - 11)
4
What is 4 + -2 - (6 + 0)?
-4
Calculate 5 - (5 + (-9 - -2)).
7
Calculate (-2 - (1 + -3 + 4)) + 8.
4
What is 0 - (0 + (-3 - -4))?
-1
What is (-1 - ((1 - -4) + -4)) + -3?
-5
Calculate -5 - ((-3 - -4) + -8 + -2).
4
-7 - ((13 - 6) + -20) - 10
-4
3 - (18 + -20 - (1 - 4))
2
What is (-16 - 4 - -11) + 6?
-3
Evaluate 8 + (-4 - (3 - 3) - 0).
4
Calculate -1 + 2 + 3 - (5 - 0).
-1
What is the value of 6 - (9 - (-3 - -8))?
2
What is the value of -3 + 5 + -4 - (2 + -3)?
-1
What is -1 + 2 + (-3 - -5) - -1?
4
What is -1 + (-3 - ((-3 - 0) + 1))?
-2
What is 3 + 4 + (-21 - -18)?
4
-2 - (-3 + 8) - -3
-4
(-13 - -15) + (-1 - -3)
4
Evaluate -1 + (-10 - -6 - (1 - 1)).
-5
What is the value of (1 - 1) + -3 + -7 + 8?
-2
What is the value of (5 - 2) + (4 - (1 + 7))?
-1
Calculate (0 - 1) + (-19 - -15).
-5
Calculate (10 - (8 + 5)) + 1 + 3.
1
-1 - -1 - 1 - -5
4
Evaluate 0 + -4 + (4 - -1) + -4.
-3
What is the value of -2 + 1 + (-30 - -31)?
0
(-5 - (-1 + 1)) + 9
4
What is -7 + (-10 - -9) + (-8 - -5)?
-11
Calculate (-6 - -1) + -4 + 0 + 5.
-4
Evaluate -3 - (5 + (-5 - -2) - 3).
-2
What is the value of 2 - 0 - 5 - 0 - -1?
-2
Evaluate 3 - -5 - (4 + 3 + -4).
5
What is (-3 - -4) + -2 - -3?
2
Evaluate -3 - (-11 + 5 + (5 - 0)).
-2
Calculate -22 - -33 - (-2 + 3).
10
-4 + (4 + -2 - 3)
-5
What is 2 + (-18 - (3 + -9))?
-10
Evaluate (-6 - -15) + -2 + -2.
5
Evaluate -8 + 9 - (-3 + 2 - -1).
1
Evaluate -2 + (8 - -2 - 5) + -7.
-4
(-9 - -1) + 11 + 0
3
What is 32 + -31 - (1 + -1)?
1
What is the value of 6 + -10 + (-7 - -11)?
0
What is -5 + (5 + -6 - -10)?
4
What is the value of -8 - (-11 + -4 + 15)?
-8
What is the value of 0 + (-4 + 5 - 3)?
-2
Evaluate (1 - 1) + (10 - 7) - 8.
-5
What is 1 + 1 + 2 + -3?
1
What is the value of 1 - (4 + 1 + -3 - -4)?
-5
0 - (-1 - (-8 + 2))
-5
What is the value of -6 - (2 + -5 - (1 + -1))?
-3
Calculate 0 + 2 + -2 - (165 - 158).
-7
Calculate 3 + (2 - 7 - 0).
-2
What is the value of (-1 - (4 + -1) - 1) + -3?
-8
Evaluate 1 + (2 - (5 + -2)) + 3.
3
What is the value of 4 - (-2 + (1 - (-3 - -3)))?
5
What is 4 + (-6 - -4) - 4?
-2
-5 + (2 + -4 - 2 - -10)
1
1 - (1 - (0 + 5))
5
What is the value of 0 + 0 + (6 - 6 - 1)?
-1
Calculate (-10 + -2 - -3) + (14 - 15).
-10
24 - 25 - (0 - 4)
3
What is 8 + -11 - (0 + 1)?
-4
What is -7 + (6 + 9 - 6)?
2
-3 + 12 + 1 - -1
11
Evaluate -76 + 85 - (0 - -12).
-3
-2 + (13 + -3 - 9)
-1
Calculate -1 - -2 - (1 + 2) - 0.
-2
Calculate 1 + 0 - (4 + -1 + 1).
-3
Evaluate 9 + (10 - (-5 + 13) - 14).
-3
Evaluate (-3 - -6) + (-4 - 0) + 1.
0
12 - (-2 + 7 + 0)
7
What is 5 + (-3 - 7) + 4 + 11?
10
-1 - (-3 - -4) - (-13 - -12)
-1
Calculate -7 + 14 + -2 + -6 - -11.
10
Calculate 5 + (-5 - 3) - -8.
5
What is the value of 5 - 11 - -3 - -3?
0
What is the value of -3 + (-4 - -3) - (12 + -17)?
1
(2 - (6 + -1)) + 3 + 2
2
1 + 1 + 0 + (35 - 36)
1
Evaluate 23 - 2 - 17 - (1 - -3).
0
What is -11 - (6 - (0 - -19) - -7)?
-5
Evaluate (8 - 7) + (-2 - -7) + -1.
5
Evaluate -20 + (14 - 7) - -8.
-5
Calculate (7 - 0) + 4 - (3 - -1).
7
Calculate (0 - -5) + 6 + -8.
3
What is -2 - (-4 - (-4 + 3 + -7))?
-6
What is the value of 2 - 6 - (-16 + 1)?
11
-18 + 11 + 11 + -11
-7
Evaluate 0 + -2 + 2 + -12 + 21.
9
-2 + (-3 - 3) + 13
5
What is the value of -4 - (13 - (0 + 13))?
-4
-6 + (10 - 0) + -1
3
What is 2 - (0 - -2) - 3?
-3
Calculate (9 - 16) + 8 + -6 + 1.
-4
11 + -1 - (2 + -10 + 8)
10
Calculate -3 - (8 - (23 + -7)).
5
Calculate (5 - 2) + 99 + -107.
-5
1 + -4 + -2 + 5 + 10
10
Evaluate -4 + -8 + 7 - -1.
-4
What is 3 + 0 + -1 + 11 + -9?
4
What is the value of 15 + -14 + 4 - (-3 + 0)?
8
Evaluate -1 + 5 + (0 - 1) + -1.
2
Calculate 4 + (-4 - -1) + (-3 - 2).
-4
Calculate -10 + 8 - (1 - -1 - 9).
5
What is 5 + (6 - (3 + 9))?
-1
Calculate (-3 - (0 - -1)) + (12 - 12).
-4
-5 + 0 + 7 - (1 - -4)
-3
What is 4 + (6 - 17) + (2 - -1)?
-4
-11 - -5 - (-3 - 6)
3
-4 + -3 - (11 + -14)
-4
What is the value of 2 + (-7 - -5 - (-5 + 0))?
5
Calculate 1 - (3 + 1 - (1 - 2)).
-4
0 - -6 - (8 + -12 + 13)
-3
(0 - -3) + 1 + (0 - 4)
0
What is the value of -2 + (-1 - 2) - (-1 + -1)?
-3
What is the value of 7 - (-5 + (-2 - -9))?
5
Calculate 2 - (0 + 0 + 1).
1
What is the value of -12 + (6 - -5) + 3?
2
-4 + 2 - (-11 - -7)
2
What is -7 - (-4 + -7 + 4)?
0
Calculate 0 - 2 - (-6 + 11 + -7).
0
-1 - (-4 - (0 - 5))
-2
Calculate -14 + 5 - -1 - -15.
7
What is the value of 5 + -6 - (3 + -1)?
-3
What is 4 - 12 - ((0 - 1) + -2)?
-5
What is 1 + -1 + (-2 - -6)?
4
What is 6 + -4 + (0 + -7 - -2)?
-3
(-41 - -37) + 0 + 2
-2
Calculate 0 + (-3 - ((-3 - 0) + -3)).
3
Calculate 0 + (4 - 4 - 0).
0
What is the value of -2 + (4 - 1) - (-18 + 23)?
-4
Calculate -5 - (1 - (-1 - -10)).
3
-37 + 36 - (-5 + -1)
5
1 + -3 - (-17 + 12)
3
Evaluate (1 - -13) + 13 + (-12 - 8).
7
What is the value of -2 + -5 + 5 - (-7 + 1)?
4
Evaluate -5 - (-5 - 1) - -3.
4
What is the value of 6 - 5 - ((-3 - -6) + 1)?
-3
-1 + (-3 - (4 + -6))
-2
What is 11 + -25 + 20 + -14?
-8
Evaluate 1 + (-1 - -1) + -4 + 1.
-2
What is the value of -1 + 1 + (-12 - -8) + 2?
-2
Calculate -1 + 1 + 0 + -2 + 0.
-2
What is -1 + 4 + (5 - 2 - 1)?
5
What is -4 - (3 + -4 - 0)?
-3
What is the value of (-7 - -6) + 2 + 0 + 4?
5
What is -1 - (-7 + -7 + 5 + 8)?
0
What is -1 + 8 + (-6 - 10 - -10)?
1
What is the value of (4 - 2) + 0 + -1?
1
Evaluate -3 - (0 + 0 + 0).
-3
Calculate 11 + -1 - ((15 - 29) + 15).
9
What is 7 - 8 - (-4 + 0)?
3
1 + -2 + -4 - (-2 + 1)
-4
5 - (-2 + (2 - 1) + 2)
4
Evaluate (-1 - -9) + -1 + -7.
0
Calculate (-7 - 7) + -7 + (14 - 0).
-7
What is 5 - 2 - 0 - 0?
3
Evaluate (1 - 7) + 0 + (12 - 6).
0
Calculate -7 - (1 + -4 + (13 - 15)).
-2
Evaluate -1 - (-7 + -5 - -6).
5
What is 2 + (-7 - (-2 - (0 + 0)))?
-3
(-2 - (2 - 0)) + 9
5
What is the value of (-2 - (-4 + 0 - 1)) + 2?
5
Calculate (-9 - -7) + (1 + 7 - -1).
7
3 - (-3 - (2 + -3 - 1))
4
Evaluate -4 - (0 - (-3 + 4) - -2).
-5
Calculate -6 + 7 + -3 + -3.
-5
What is the value of 1 - ((7 - 9) + -2)?
5
-23 - -18 - (-10 - 0)
5
2 + (-1 - (-4 + 4))
1
Calculate (1 - (-2 - -3)) + 3.
3
-11 + (2 - -7 - 4 - -1)
-5
(1 - -1) + -5 - -7
4
What is the value of 3 + 5 + -3 + -5?
0
Evaluate (6 - 13) + (6 - -2).
1
Evaluate 1 + 0 - (28 - 25).
-2
(0 + 5 - 5 - -3) + 2
5
Evaluate -1 + 12 - (24 - 13).
0
What is the value of -5 - 3 - (-3 - 2)?
-3
Calculate 7 - 0 - (2 + 2) - 4.
-1
Evaluate 3 + (-4 - 5) + (9 - 6).
-3
What is the value of -1 + 3 + -4 + -3 + 3?
-2
Evaluate -2 - -5 - (-1 + (10 - 4)).
-2
What is the value of (-3 - 5) + 2 - -6?
0
What is 2 - (2 + -8 + (6 - -9))?
-7
What is -1 + 9 + 3 + -8?
3
Calculate 4 - 5 - (4 + -6 + 0).
1
-6 + 13 + (13 - 22)
-2
What is -5 + (-5 - -2) + 45 + -40?
-3
What is -3 + (-2 + 1 - (0 - 3))?
-1
0 + (2 - (4 + -10 + 4))
4
(-1 + 3 - 3 - 1) + 8
6
Evaluate 4 + 0 - (-1 + 2).
3
Calculate 2 + (-9 - (-7 + 0)).
0
What is the value of -5 - (5 - -1 - (-18 + 30))?
1
Calculate 2 + (2 - 6) + 5.
3
Evaluate (-11 - -6) + -1 + 1 - -1.
-4
-1 + -2 + 2 + 3
2
Evaluate 3 - (8 - (18 + -7)).
6
Calculate (-8 - 0) + 4 + -1 + 2.
-3
What is 5 + 1 - (3 + -4 + 5)?
2
Calculate 33 + -30 + 0 + -5 + -1.
-3
What is (-13 - -4) + 11 + -1 + -2?
-1
What is the value of 7 + -8 - ((1 - 0) + -1)?
-1
What is the value of -7 - 0 - (-32 + 4 - -21)?
0
What is the value of (-7 - -9) + -6 - -7?
3
Calculate (1 + -5 - -5) + 2.
3
What is 13 + (0 - 8 - (-4 + 3))?
6
What is the value of (1 - 1) + (2 - (5 + -5))?
2
What is -1 + (1 + (-3 - -5) - 3)?
-1
Calculate -5 - (-3 + (7 - 7) - 1).
-1
Calculate 0 + -2 + (3 - 0 - 2).
-1
0 + -1 + (-9 - -8)
-2
14 + -16 - (-1 - 2)
1
What is the value of -10 - 1 - 5 - -6?
-10
Evaluate 0 - (15 - 7) - -8.
0
What is (-3 - 0) + 3 - -4?
4
Evaluate -1 - -5 - (2 - (-2 - 0)).
0
